Calculate the remainder when 114 is divided by z.
14
Let i(a) = -9*a + 135. What is the remainder when 100 is divided by i(12)?
19
Let r(k) = -11*k + 291. What is the remainder when 542 is divided by r(25)?
14
Let w = 2874 + -2683. Calculate the remainder when 581 is divided by w.
8
Let l be (-8)/(-12) - (-7)/(42/20). Calculate the remainder when 188/l - (1 + 0) is divided by (-34)/8*(-1 + -3).
12
Suppose -2*h + 61 = -7. Suppose 4*f - 81 - 19 = -4*w, -4*w = 4. What is the remainder when (3/2)/(1/h) is divided by f?
25
Suppose -8*a + 3*a - 15 = 0, 3*x - 2*a - 45 = 0. Calculate the remainder when x is divided by (-1 + 8)/1 + -2.
3
Suppose -2*i + 26 = -2*b, -5*i + 89 = -0*i + b. Let d = 62 - 31. Calculate the remainder when d is divided by i.
14
Let d = 594 + -181. What is the remainder when d is divided by 83?
81
Suppose 44*v - 4836 = -260. Calculate the remainder when v is divided by 21.
20
Let r = -22 + -13. Let i = r - -50. Calculate the remainder when 74 is divided by i.
14
Suppose 5*j + 27 = 4*u - 0*j, 2*u = j + 9. Let l = 6 - u. Suppose 4*i = r + 225, 0*i - 174 = -l*i - r. Calculate the remainder when i is divided by 20.
17
Let a = -9 + 44. Let r be a/49 - (-2)/7. Suppose y - r = 2. Calculate the remainder when 10 is divided by y.
1
Suppose -2*b + 4 = -j + 2*j, b - 3 = -j. Calculate the remainder when 0 - (j - (92 - 1)) is divided by 23.
20
Let x(k) be the second derivative of k**4/6 + 5*k**3/2 + 7*k**2 + 4*k. Calculate the remainder when x(-10) is divided by 33.
31
Let g(l) = 7*l**2 - l - 10. Let y(o) = 13*o**2 - o - 19. Let n(f) = -5*g(f) + 3*y(f). Let b = 197 - 200. Calculate the remainder when n(b) is divided by 13.
10
Suppose 6 - 8 = -i. Let v(u) = 3*u**2 - u + 2. Let r(o) = -4*o**2 + 2*o - 3. Let t(m) = i*r(m) + 3*v(m). Calculate the remainder when t(5) is divided by 11.
8
Suppose -h + 48 = 2*o, -2*h - o = -7*h + 284. Suppose 18*g = 14*g + h. Calculate the remainder when 22 is divided by g.
8
Let d = -61 - -76. What is the remainder when (-4 + 3)/(4/(-172)) is divided by d?
13
Suppose -z + 50 = -5*s + 19, -12 = 3*s. What is the remainder when 33 is divided by z?
0
What is the remainder when (-6)/(-9) + (202675/(-33))/(-11) is divided by 10?
9
Suppose 2*l = 2*o - l - 165, 0 = -5*o - 3*l + 423. Calculate the remainder when o is divided by 44.
40
Let v be 18*2 - (6 + -10). Suppose 2*i + 0*i = v. Let b = 11 + -4. Calculate the remainder when i is divided by b.
6
Let v(q) = -q**2 - 13*q + 5. Let i be v(-13). Suppose 4*l = 2*y - 121 + 1, -2*y + i*l + 123 = 0. What is the remainder when y is divided by 14?
12
Suppose 4*b - 2*p + 74 = 244, -158 = -4*b - 2*p. Calculate the remainder when 122 is divided by b.
40
Suppose 59*j = 55*j + 348. Calculate the remainder when j is divided by 47.
40
What is the remainder when (-1)/(-1*6/78) is divided by 3/9 - (-14)/3?
3
Suppose w - 21 = -m + 2, 5*m - 2*w = 150. What is the remainder when 51 is divided by m?
23
Let y = 0 + 3. Let w be 13*(22/1 - 1)*1. What is the remainder when y/((-7)/(w/(-9))) is divided by 6?
1
Let n(v) = v**2 + 2*v + 4. Let c be n(4). Suppose s + 0*s = 5*h + 18, 0 = 3*s - 2*h - c. What is the remainder when 10 is divided by 18/s*40/30?
1
Let h be ((-4)/(-16) - -3) + (-1)/4. Suppose -h*m + 8*m = 150. What is the remainder when m is divided by 17?
13
Let d(u) = u**3 + 4*u**2 - 2*u. Let q be d(-4). Suppose -5*n + q = -r + 4*r, -3*n + 7 = 4*r. Calculate the remainder when 31 is divided by (1 - (n - 3)) + 13.
15
Calculate the remainder when 288 is divided by (-10)/(-40) - (-582)/8.
69
Suppose -6*g - 7 = -31. Suppose -5*j - m = 2*m + 40, g*m = 4*j. Let h = j - -16. Calculate the remainder when 41 is divided by h.
8
Let x(q) = -2*q**2 + 2*q - 4. Let v be x(3). Let c = 2 - v. What is the remainder when c is divided by 980/(-294)*6/(-2)?
8
Suppose -3*c = 3*p - 99, 0*p = -2*p - 4*c + 62. Calculate the remainder when p is divided by 1/5 - 295/(-25).
11
Let j(w) = -11*w - 255. Calculate the remainder when j(-25) is divided by (3/4)/1*12.
2
Let o = -1053 - -1058. Calculate the remainder when 1046 is divided by o.
1
Suppose -18*i + 2653 = 169. What is the remainder when i is divided by 75?
63
Suppose 268 = 5*k - 477. Calculate the remainder when k is divided by (2/7 - (-2)/(-7)) + 52.
45
Let i = -93 - -99. Calculate the remainder when 134 is divided by -2*-3*(-3)/(-4)*i.
26
Calculate the remainder when 630/(-25)*10/(-4) is divided by 22.
19
Let w = 3 + -24. Let o = -17 - w. Let y(f) = 3*f - 1. What is the remainder when y(5) is divided by o?
2
Suppose 6*g - 5*g = u - 5, 0 = 3*u + g - 11. Suppose -86 = -5*q - 4*k + k, 4*q - u*k - 88 = 0. Calculate the remainder when 92 is divided by q.
16
Let j = -1387 - -1418. What is the remainder when 206 is divided by j?
20
Let m be 1 - (-1 - (-2)/2). Suppose -5*z + 5*w = -z - 31, 0 = -5*z + 2*w + 43. Suppose -5*o + m + z = 0. What is the remainder when o is divided by 2?
0
Suppose 152 = 2*l - 3*c, l = 4*c + 87 - 11. What is the remainder when l is divided by 40?
36
Let l(v) = 13*v**2 + 2*v - 17. Calculate the remainder when l(5) is divided by 16.
14
Let w = -638 + 687. What is the remainder when w is divided by 2?
1
Suppose 0 = -a - 4 + 10. Let w(x) = x**3 - 6*x**2 + x - 2. Calculate the remainder when w(a) is divided by 2.
0
Let m(r) = -16*r**2 - 152*r - 10. What is the remainder when m(-8) is divided by 38?
30
Let u = 15 - 10. Suppose u = 2*n + 3*n. Let r(w) = 17*w**2 + 1. Calculate the remainder when 70 is divided by r(n).
16
Let y(u) = 4*u**2 + 3*u - 10. What is the remainder when 30 is divided by y(-3)?
13
Let b(m) = -m**3 - 6*m**2 + 11*m - 2. What is the remainder when (-78)/(-1) + (-28)/(5 + 2) is divided by b(-8)?
36
Suppose 7*d - 371 = -70. Calculate the remainder when d is divided by (-8)/(-2*(-2)/(-8)).
11
Suppose 21*s + 13*s = 6358. Calculate the remainder when s is divided by 49.
40
Suppose 3*q - 231 = -w, -3*w + 383 = 5*q + 2. What is the remainder when 543 is divided by q?
75
Let x(v) = 9*v - 5. Let l be x(-3). Let i = l - -74. Let y = 72 - i. Calculate the remainder when y is divided by 11.
8
Suppose 2*p + 4*r - 30 = 2*r, 40 = 5*p - 2*r. Let m(x) = -3 - 6*x + 3 - 1. Calculate the remainder when m(-3) is divided by p.
7
Let s(z) = 14*z**2 - 45 + 3*z - 7*z - 2*z**2 + 55. What is the remainder when s(2) is divided by 17?
16
Suppose 211 = -5*o - 264. Let z = o + 127. What is the remainder when 89 is divided by z?
25
Let t = 19 + 4. Let v = t + -22. What is the remainder when 2 is divided by v?
0
Let b = -11 + 14. Calculate the remainder when (121/33 + 0 + 2)*b is divided by 9.
8
Let m(t) = -t**3 + 26*t**2 - 19*t - 85. What is the remainder when m(25) is divided by 6?
5
Let b(f) = 57*f - 1. Let c be b(1). Suppose q = y - 14 - 1, c = 4*y - 3*q. Calculate the remainder when (-1 - (-61 - 0)) + -8 is divided by y.
8
Let g = 163 - 176. Let q(k) = 18*k + 1. Let u be q(1). Let v = g + u. Calculate the remainder when v is divided by 5.
1
Let r(f) = -6*f**3 + 9*f**2 - f - 3. Let k(i) = -i**2. Let t(a) = 6*k(a) + r(a). Calculate the remainder when t(-2) is divided by 30.
29
Suppose 4*h = 6*h - 2*f - 20, f = 4*h - 25. Suppose -5*m - 20 = 0, 2*m + 77 = -2*i + h*i. Calculate the remainder when i is divided by 13.
10
Suppose s = -3*r + 104, -2*s + 5 = 1. What is the remainder when 60 is divided by r?
26
Suppose -8*f + f = -21. Suppose -u + 6 = -0*u + 5*v, -4*v = 4. Calculate the remainder when u is divided by f.
2
Let o(d) = 3*d + 5. Let l be (-2 + 0)*33/6. Let s = -5 - l. What is the remainder when o(4) is divided by s?
5
Let k(v) = -v - 1. Let y be k(-10). Suppose -3*w + y = 0, 4*t - w = -t + 67. Calculate the remainder when t is divided by (-84)/(-10) - (-2)/(-5).
6
Suppose -2*i + 621 = 5*m, 4*i + 250 = 2*m + 16. Calculate the remainder when m is divided by 65.
58
Suppose -32 - 6 = -2*n. Let a be -4 - (0 + 14/(-1)). Let v = 15 - a. Calculate the remainder when n is divided by v.
4
Suppose 0 = -8*z + 3*z + 115. Suppose 0*o = 5*o - 225. Let x = o - 33. What is the remainder when z is divided by x?
11
Suppose -32*p + 297 = -151. Let y(r) = r + 49. What is the remainder when y(0) is divided by p?
7
Let g = -25 - -28. What is the remainder when 83 is divided by g/(-2)*(-9 + -5)?
20
Suppose 13*z - 3610 + 893 = 0. Calculate the remainder when z is divided by 53